 Let z(i) = -i**2 - 6. Calculate z(g).
-6
Let h(r) be the second derivative of -r**5/20 + r**4/4 + 2*r**3/3 - 3*r**2 - 10*r. Calculate h(4).
-6
Let m be (5 + -2)/(12/16). Let f(v) be the third derivative of v**5/60 - v**4/6 + v**3 + 2*v**2. Give f(m).
6
Let i(n) = -4 - 3 + 2 + 2 + n. Give i(6).
3
Let n(a) be the third derivative of -1/60*a**5 + 0*a + a**2 + 0*a**3 - 7/24*a**4 + 0. Calculate n(-6).
6
Let f(t) = 11*t + 6*t**2 + 0*t + 4 + 2. Let n(u) = -7*u**2 - 12*u - 7. Let i(j) = -6*j + 1. Let r be i(1). Let b(p) = r*n(p) - 6*f(p). What is b(-5)?
4
Suppose 3*s + 0*s + 6 = 0. Let k(u) be the second derivative of u**4/6 + u**3/6 + u**2/2 + 2*u. What is k(s)?
7
Let o(j) = j**2 - 7*j - 5. Suppose -3*p + 11 = -10. Determine o(p).
-5
Let h(x) = -2*x**3 + 3*x**3 + 5*x**2 - 4*x**2 - x + 5. Let o = -10 - -10. Determine h(o).
5
Suppose -2*v = l - 12, -v + 2*l = 5*l - 6. Let x(r) = r**2 - 3*r - 6. Calculate x(v).
12
Let g = -2 - -2. Let x(t) = 6*t + 13. Let n(y) = -y - 1. Suppose -3*c + 1 = -4*c. Let r(b) = c*x(b) - 5*n(b). Give r(g).
-8
Let q(h) = 4 - h**2 - 3 + 17*h**3 - 5*h**3 + 2*h - 2. Suppose 4 = 5*s - 1. Give q(s).
12
Let q = -32 - -57. Suppose 0 = -4*y + f + 9, -5*y + 4*f = -0*f - q. Let w = 1 - y. Let n(k) = k - 2. Determine n(w).
-2
Let s(o) be the second derivative of -o**5/20 + 5*o**4/12 + 4*o**3/3 + 3*o**2/2 + 11*o. Determine s(6).
15
Let q be (-1796)/(-30) + (-44)/(-330). Let b be (36/q)/((-1)/(-5)). Let k(w) = -w + 2*w**2 - 3*w**2 + 2*w. What is k(b)?
-6
Let v(p) be the third derivative of -p**6/360 + 7*p**5/120 - p**4/8 + p**3/3 - p**2. Let d(y) be the first derivative of v(y). Give d(5).
7
Let p(o) = -9*o + 2*o + 2 + 6*o. Give p(2).
0
Let n be ((-4 - -8) + -4)*-1. Let w(c) = -c**3 + c**2 - c + 10. What is w(n)?
10
Let b(r) = 5*r**3 + 5*r**2 + 5*r + 1. Let l(c) = 9*c**3 + 10*c**2 + 10*c + 3. Let p(v) = 7*b(v) - 4*l(v). What is p(-4)?
-1
Let o(g) = g - 5. Suppose -65 = 2*w - 11. Let r = 42 + w. Suppose r = 5*b - 2*b. What is o(b)?
0
Let f = 48 + 47. Let x be f/15 + 2/3. Suppose 3*u + x = -0*p + 2*p, 5*p - 5*u - 15 = 0. Let w(d) = -d**3 - d**2 + 2*d. Determine w(p).
-8
Let n(w) = -220*w**2 + 3*w + 1 + 0 + 224*w**2 + 2*w**3. What is n(-2)?
-5
Let m be 15 - (-2 + 2/2). Let z be (-20)/9 + m/72. Let p(x) = -2*x**3 - 2*x**2 + 2*x + 2. Calculate p(z).
6
Let k(l) = 14*l - 8. Let m(u) = 5*u - 3. Let h(z) = -6*k(z) + 17*m(z). Give h(7).
4
Let o be 1 - 1/((-2)/8). Suppose -3 = 3*u - 4*u. Let i(y) = -u*y**3 + 4*y**3 - 3*y - 4*y**2 - 3 - y. Calculate i(o).
2
Let m(x) = 2*x**2 - 18*x + 19*x - 1 - 5*x**2. Calculate m(1).
-3
Suppose -o - o + 4 = 0. Let w(f) = -f - o*f + f + 1 - f**2. Determine w(1).
-2
Let v be 3/9 - (-8)/(-6). Let w(q) = 0 - 1 + 5 - 3 - 7*q. Determine w(v).
8
Let s(t) = t**2 + 4*t + 2. Let u(r) = 6*r**2 - 4*r - 1. Let i(j) = 5*j**2 - 3*j - 1. Let a(d) = -5*i(d) + 4*u(d). Let x be a(2). Calculate s(x).
7
Let h(c) = -c**3 - c**2 - c + 5. Let k be h(0). Let s(u) = u**2 - 6*u - 1. What is s(k)?
-6
Let z(w) = -9*w + 2. Let y(r) = 1 + 5 + 6*r - 3*r - 7. Let h(x) = -8*y(x) - 3*z(x). Determine h(2).
8
Suppose 4*d - 16 + 28 = 0. Let c(o) be the first derivative of o**3/3 + 3*o**2/2 - 4*o - 1. What is c(d)?
-4
Suppose 0*u - 4 = -2*u. Let f(h) = h**2 - 3 + 0*h + 4*h - 2*h. Determine f(u).
5
Let j(l) = -l**3 - 4*l**2 + 3 - l + 3*l**2 + 4*l**2. Give j(3).
0
Let p(o) be the first derivative of 2*o**3/3 + 31*o + 4. Let m(d) = d**2 + 15. Let w(v) = 7*m(v) - 3*p(v). Calculate w(0).
12
Suppose -2*n = 3*j - 12, -j - 5 = n - 5*j. Suppose 4*k = p + 13 + 2, 0 = 3*p + 5*k - 23. Let x(d) = 0 - 3 - p - d**2 + 7*d. Calculate x(n).
8
Let k(i) = 3*i**3 - 26*i**2 - 7*i + 20. Let n(t) = t**3 - 9*t**2 - 2*t + 7. Let v(u) = 4*k(u) - 11*n(u). Let y = -525 - -531. Calculate v(y).
3
Let r(c) = -c**3 + 2*c**2 - c + 4. Let j be (-2*1)/((-14)/21). What is r(j)?
-8
Let c(m) be the third derivative of m**6/120 - m**5/10 + 5*m**4/24 + 2*m**3/3 + 9*m**2. What is c(4)?
-8
Let b(a) = a**3 + 4*a**2 + 2*a. Let d(j) = -j**2 - 9*j - 5. Let w be d(-7). Suppose -w = 3*y - 4*t, 6*y - y - 5*t = -15. Give b(y).
3
Let h(l) = 31 - 17 - 9 + l. Calculate h(-4).
1
Let n(k) = 10*k**2 + 2*k - 4. Let z(d) = 3*d**2 + d - 1. Let a(b) = -2*n(b) + 7*z(b). What is a(-4)?
5
Let f(m) = -8*m**2 + 4*m + 12 + 7*m + m**3 - 2*m**3. Determine f(-9).
-6
Let l(j) = 6*j - 2*j**2 + 0*j**2 + j**2 + 7. Determine l(6).
7
Let n(h) = h + 11. Let v(y) = y**2 - 6*y + 3. Let c be v(4). What is n(c)?
6
Let m(p) = 4*p**2 + 4 - 5*p + 0*p - 6 + p**3. Calculate m(-5).
-2
Suppose -2*x = -4*d + 3*d - 13, 0 = -d + x - 9. Let c(m) = m + 3. Determine c(d).
-2
Let c(g) = 8*g + 2. Suppose -2*y - 3 = 5. Let s(j) = 7*j + 3. Let u(l) = y*c(l) + 3*s(l). What is u(1)?
-10
Let g(k) = -3*k**2 + 7*k**2 + 6 - 3 + 5*k + k**3. Give g(-3).
-3
Let v(f) be the third derivative of f**8/10080 - f**7/5040 - f**6/720 + f**5/30 - f**2. Let n(i) be the third derivative of v(i). Calculate n(-1).
2
Let r(n) = -n**3 - 6*n**2 + 7*n + 1. Let q be r(-7). Let j = 5 + -2. Let d(c) = -2*c - j*c + q + c. Give d(3).
-11
Suppose 5*a = -3 + 8. Suppose 0 = o - 5*k - 21, -6*o - a = -2*o - 3*k. Let z(f) = f**3 + 3*f**2 - 3*f - 1. Determine z(o).
-5
Suppose -6*h + 3*h - 9 = 0. Let a = -2 - -2. Let o(d) = -d**3 - 2*d**2 - d + a*d - 4 + 4*d. Give o(h).
-4
Let h(r) = 20*r + 13. Let o(z) = 7*z + 5. Let b(y) = -6*h(y) + 17*o(y). Calculate b(4).
3
Let q(g) = -g - g - 2*g + g. Calculate q(-7).
21
Let d = 0 - 4. Let f be (-40)/(-22) + d/(-22). Let n(l) = 2*l**3 - 2*l**2 - 2*l + 1. Give n(f).
5
Let q(p) = p**3 + 3*p**2 + 4*p + 2. Let i = 2 + -7. Let o = i + 3. Let w be q(o). Let k(y) = y**3 + 2*y**2 - y - 1. Determine k(w).
1
Let w = 8 - 0. Let f(z) = z - 5. Give f(w).
3
Let t(p) = 10 + 11 - 22 + p. Let q(c) = -c**2 - 7*c + 8. Let v(s) = q(s) + 4*t(s). Determine v(-4).
0
Let z = -12 + 7. Let k(i) be the third derivative of i**4/24 + i**2. Calculate k(z).
-5
Let v(m) = -2*m**3 + 4*m**2 - 3*m + 2. Let q = -24 + 26. What is v(q)?
-4
Let q(z) = z + 1. Let m be q(1). Suppose 0 = w + m*a - 11, 5*a + 10 - 33 = -w. Let r(n) = -n. Calculate r(w).
-3
Let b(a) = 43 + 7*a - 52 - 2*a**2 + a**2. Determine b(6).
-3
Let c(x) = -x**3 - 4*x**2 - 4*x. Suppose -2*t = -5*o - 15, 3*o - 3*t = -6*t - 9. Calculate c(o).
3
Let q = -5 - -4. Let m = q + 1. Let w(k) = -1 + 0*k + m*k + k. Give w(4).
3
Let o(f) = 2*f**2 - f + 3. Let r(z) = z**2 - z + 4. Let c(x) = 5*o(x) - 4*r(x). Let b be c(-1). Let u(w) = w**2 - 5*w - 1. Determine u(b).
5
Let h(r) = -r + 2. Let d(g) = g + 8. Let o be d(-6). Suppose 12 = 2*v - 3*j, 0 = -o*v - v - 2*j - 8. What is h(v)?
2
Suppose -5*i = 3*b - 2 - 1, 5 = 5*b. Let w(u) be the third derivative of -1/3*u**3 + i + 1/4*u**4 + 0*u - u**2. Determine w(2).
10
Let k(n) = -n**2 - 6*n - 5. Let g(y) = y**2 - y - 15. Let r be g(0). Let h = r - -11. Calculate k(h).
3
Let t(c) = c**3 - 2*c**2 + 2*c. Let a be t(2). Let n(m) = 4*m**3 + 3*m**2. Let u(j) = j**3 + j**2. Let h(x) = a*n(x) - 11*u(x). Let f = 3 + -4. What is h(f)?
-4
Let y = 3 + -5. Let f(l) = -9*l + 3*l**2 - 3*l**2 + 8*l - 6*l**2 + 9*l**2. Calculate f(y).
14
Let f(w) = -1 - 1 + 2 - 2*w**2 - 2 + 3*w. Suppose -5 = 5*i + 15. Let g be (2 + -1)*(-1 - i). Determine f(g).
-11
Let j(m) be the first derivative of -m**4/2 + m**2/2 - m + 6. Determine j(1).
-2
Let d be (-6)/4*-2 + 0. Suppose -d*k - k = 0. Let t(y) = y**2 - 4. Calculate t(k).
-4
Let r = -3 - -3. Suppose r*h = 2*h + 10. Let o be (-1 + h)*(-1 - -2). Let d(i) = i**3 + 5*i**2 - 5*i + 3. What is d(o)?
-3
Let w(x) = 6*x**2 - 21*x + 26. Let n(c) = -c**2 + 4*c - 5. Let g(l) = -11*n(l) - 2*w(l). Calculate g(-3).
0
Let l(u) be the first derivative of 1/3*u**3 - 1/2*u**2 + u - 2. Determine l(3).
7
Suppose 3 + 3 = 3*f. Let m(j) = 4*j + 0 + f + 5 - 3*j**2 - j**3 - 3. Calculate m(-3).
-8
Let q(c) = c**2 - 6*c + 5. Let x(w) = -w + 6. Let g be x(0). What is q(g)?
5
Let n(t) = -t**2 - 5*t + 5. Let a(r) be the first derivative of 4*r**3/3 + 7*r**2 - 15*r - 5. Let v(h) = -2*a(h) - 7*n(h). Determine v(4).
7
Let t(k) be the second derivative of -k**4/12 - 11*k**3/6 - 3*k**2 - 2*k. Calculate t(-8).
18
Let i(p) = -2*p**2 - p - 1. Let u(k) = -3*k**2. Let j(b) = 4*i(b) - 3*u(b). Suppose f + 2 - 6 = 0. Calculate j(f).
-4
Let w(m) = m**3 + 4*m**2 + m - 4. Let i = -13 + 25. Suppose -4*o - 4 = i. Dete